ue
Let p(s) = 110 + 445*s**3 - 5*s + 489*s**3 - 106. Is p(1) a multiple of 21?
False
Suppose 32844 = 96*p - 9492. Does 21 divide p?
True
Let v(i) = 14916*i + 1015. Does 62 divide v(1)?
False
Suppose -227*q = -232*q - 20850. Is 15 a factor of ((-5)/(-3) + -2)*q?
False
Let l = 12 - -20. Suppose -154 = -2*p + l. Suppose x - n = 4*n + p, -3*n + 243 = 3*x. Does 6 divide x?
False
Suppose 5 = 2*o + r - 2*r, o + 2*r - 5 = 0. Suppose -4*i = 0, -5*a + o*i - 121 + 396 = 0. Is a a multiple of 3?
False
Suppose -26*z = -28*z + 4. Suppose z*t - 777 = 61. Is t a multiple of 25?
False
Suppose -2*b = 164 - 170. Is 10 a factor of (-3 - -797) + 2 + b + -4?
False
Is (1288/(-23))/((-4)/1736) a multiple of 20?
False
Suppose 4*y + y = 4*j + 1, -y + j = 0. Let q be (-1)/(4*y/1188). Let o = q + 417. Does 20 divide o?
True
Let b(g) = -g**3 - 9*g**2 - 9*g + 2. Let z be b(-8). Suppose -900 = z*q - 13*q. Is 15 a factor of ((8/(-6))/(-2))/(2/q)?
False
Suppose -4*t + 100 = -2*t. Suppose 2*i - 59 = 15. Suppose i + t = a. Does 29 divide a?
True
Let v(n) = 24*n + 23. Let r be v(1). Suppose -r*g = -35*g - 2352. Is 7 a factor of g?
True
Let z(h) = 1 - 50 + 62*h - 12 + 13. Is 30 a factor of z(9)?
True
Let u = 2701 - 621. Does 65 divide u?
True
Let b be 9 + 5 + -4 - 0. Let w(m) = 3*m - b*m**2 + m + 82*m**2 - 37*m**2 + 5. Does 12 divide w(-1)?
True
Let k(n) = n**3 + 30*n**2 - 17*n - 164. Is 15 a factor of k(-26)?
False
Suppose 1042 = -l + 2*l. Suppose -2*f = -8*i + 10*i - l, -2*f = 3*i - 1047. Suppose -4*s + 7*s = f. Is 37 a factor of s?
False
Suppose -175*c + 2820583 = -3103697 - 403720. Is c a multiple of 40?
True
Let s = -14690 + 24202. Is 29 a factor of s?
True
Suppose 4 = 4*i, -w + 256 = -6*i + 8*i. Suppose 0 = -d - 2*r + 86, 2*r = 10*d - 13*d + w. Does 3 divide d?
True
Let y be (-24)/(-16)*-1*(-356)/6. Suppose 0 = 3*l - 0 - 9. Let x = y + l. Is x a multiple of 17?
False
Let a be (-41)/4 + (1 - 12/16). Let h = a - 88. Let n = 219 + h. Is 30 a factor of n?
False
Suppose 5*j = -2*l - 0*j + 22, -30 = -4*l - 3*j. Let z be 657 - -2*l/4. Suppose 29*p = 24*p + z. Is 13 a factor of p?
False
Let j(y) = 2*y**3 + 3*y**2 - 3*y + 25. Let i be j(5). Suppose -331*q = -i*q + 352. Is 22 a factor of q?
True
Let n(w) = 5*w**2 + 10*w - 47. Let m(j) = 5*j**2 + 11*j - 48. Let d(s) = -6*m(s) + 7*n(s). Is 29 a factor of d(7)?
True
Let l = -144 - -152. Does 37 divide ((-3770)/91)/(l/(-7) - -1)?
False
Let d(h) = 6*h**3 + h**2 - 4. Let c be d(-5). Let b = -1969 - c. Does 15 divide ((-3)/5)/(8/b)?
False
Let t(c) = 2569*c - 2540. Does 35 divide t(7)?
False
Suppose 0 = -2*c - 8, -3*j - 9*c = -11*c - 34739. Does 112 divide j?
False
Suppose 0 = 2*k - 3*k + 4. Suppose k*c + m - 119 = 0, 6*c - m = 9*c - 89. Suppose -s = 2*s + 2*g - 39, 3*s = g + c. Is s even?
False
Suppose -4*h = 4*i - 108, -i + 5*i - 116 = 4*h. Suppose -g = -i - 0. Let p = 51 - g. Is 2 a factor of p?
False
Suppose -17*t + 72 = -13. Let o(z) = 175*z + 17. Let v be o(t). Suppose 0 = 3*j - v + 40. Is j a multiple of 16?
False
Let a = 2526 + -2523. Let k(s) = s**3 - 5*s**2. Let p be k(5). Suppose a*d - 3*r - r - 30 = 0, -r = p. Does 10 divide d?
True
Let i = -61 - -67. Suppose -i*l + l = 345. Does 23 divide ((-3)/(-9) + -2)*l?
True
Let a = -236 + 232. Does 86 divide -7 - -1 - 2628/a?
False
Let t be (-2944)/(-8) + -5 + 2. Let k = t - 169. Is k a multiple of 6?
False
Suppose 0 = 4*q + 3*z + 1068, 267 = -q + 2*z - 6*z. Let n = q - -1034. Is n a multiple of 32?
False
Let h(a) = -a**3 - 2*a**2 + 2*a + 4. Let m be h(-2). Suppose m = r - 0*r + 74. Let q = 128 + r. Is 9 a factor of q?
True
Suppose 9*r = 2*r - 15*r. Is r/3 + (-1 + 2)*26 a multiple of 9?
False
Let t be 0 + (-51)/(-6 + 3). Let b = t - -30. Let r = b + 49. Does 18 divide r?
False
Let l = 12628 + -1153. Is 14 a factor of -1 - (l/(-68))/((-3)/(-8))?
False
Suppose 25*v - 27*v + 2376 = 3*i, 5*v - 5940 = 3*i. Is v a multiple of 33?
True
Suppose -35*q + 40*q = 8075. Let u = q - 442. Is 69 a factor of u?
True
Suppose 5*l + 1142 = 4*m - 8*m, l + 236 = 3*m. Let h = l + 293. Is h a multiple of 63?
True
Suppose -5*c + 134 = -2*s + 673, -4*s - 4*c + 1092 = 0. Is 6 a factor of s?
False
Suppose 8*l + 9*l = 1870. Suppose -l*f - 630 = -112*f. Is f a multiple of 7?
True
Let s be 4/12 - (3332/(-3) + -4). Suppose 4*w = 3*l + 878, -9*l + s = 5*w - 4*l. Does 32 divide w?
False
Suppose 16*y - 12*y + 2028 = 0. Let k = -347 - y. Is k a multiple of 73?
False
Does 42 divide 128760/21 + 4/7?
True
Let j = -6171 + 14031. Is j a multiple of 15?
True
Let a(v) = -v**2 + 18*v - 63. Let o be a(12). Let p(y) = -y**3 + 10*y**2 + 9*y - 12. Does 32 divide p(o)?
False
Let i(x) = 32*x**2 + 700*x - 39. Is i(-34) a multiple of 13?
False
Let h = -409 - -414. Suppose -3*k - 3*t + 746 = -8*t, -h*k + 1260 = -5*t. Is 23 a factor of k?
False
Let g(y) be the first derivative of -4*y**2 + 100*y + 39. Is g(-15) a multiple of 36?
False
Let u be (-3 + 0 - 4) + 1. Let p be (46/u)/(7/(-210)). Suppose 4*y - 186 = p. Is 8 a factor of y?
True
Suppose -5*y + 2767 = 2*o, y - 864 = -3*o + 3293. Is o a multiple of 25?
False
Let x(f) = -153*f**2 - 27*f - 47. Let m(z) = 77*z**2 + 13*z + 24. Let c(r) = -11*m(r) - 6*x(r). Is 12 a factor of c(-1)?
False
Suppose -m - 17 = -2*t - 11, 4*t = -3*m + 2. Is 9 a factor of (m - (-546)/12)*2?
False
Let c(h) = h**2 + h - 4. Let r be c(3). Suppose 2*a + r = 3*q, -3*q + 3*a = -3 - 6. Suppose -2*l - 63 + 386 = 3*t, 2*l - q = 0. Does 18 divide t?
False
Let r(v) = -69*v + 23. Let t be (-1)/(1/(-5)*(-10)/4). Is r(t) a multiple of 23?
True
Let n be (45/20)/((-12)/(-128)). Let u = n - 28. Does 12 divide (90/u)/((-21)/28)?
False
Let q = -502 - -385. Let r = q - -461. Is 43 a factor of r?
True
Suppose -3*l - 12 = 0, 4*n - l - l - 20 = 0. Suppose 3*q = -z - 21, n*z = -5*q - 43 - 8. Does 14 divide ((-70)/3)/(4/z)?
True
Let a(z) = -z**3 + 10*z**2 - z + 10. Let d be a(10). Let j be 6*60/8 + d. Suppose 4*o + v - j = 2*o, 0 = -5*v + 25. Is 20 a factor of o?
True
Suppose -5*m - 1714 = 4*h - 646, 0 = -2*m + h - 435. Let n = 147 - m. Does 33 divide n?
True
Suppose -b + s - 339 = -5*b, b - 96 = -4*s. Let d = b - 81. Does 7 divide 7/((-28)/(-1016))*d/6?
False
Let c(v) = 10*v + 3. Let i = -122 + 124. Suppose -2*n = -n + i, 3*g - 26 = 4*n. Does 8 divide c(g)?
False
Let u(m) = 155*m + 10. Does 16 divide u(2)?
True
Let n(w) = -14*w**3 - 266*w**2 - 2*w + 10. Is n(-19) a multiple of 8?
True
Let c(j) = -23*j**2 - 2*j + 7. Let q be c(-5). Let m be (-2)/(-1*6) + q/(-27). Let o = m - 6. Does 13 divide o?
False
Does 91 divide (-195)/(-1)*(-2 - 66/(-5))?
True
Let v(h) = 4*h**2 + 17*h + 4933. Does 97 divide v(0)?
False
Suppose 25*p = 30*p - 25, -3*k + 6503 = -5*p. Is 16 a factor of k?
True
Let n(h) = h**2 - h - 1. Let x(a) = -a - 1. Let y(v) = n(v) + 4*x(v). Let g be y(4). Let c = g - -27. Does 2 divide c?
True
Let j be 3 + 0 - (-29070)/(-38). Let r = j + 837. Is 5 a factor of r?
True
Is 67 a factor of (5 - 3) + (5*-15304)/(-8) + 8?
False
Suppose -2*o + 172 = s - 217, -5*o = 4*s - 974. Let h = o - 76. Does 3 divide h?
False
Let f(c) = c**2 + 116*c - 120. Is 4 a factor of f(22)?
True
Suppose 87431 = -5*r - 7*r + 238079. Is r a multiple of 8?
False
Let m = 45443 + -25482. Is 24 a factor of m?
False
Let r be (-3 + 1 - 0) + 12. Suppose -2*g - r = -16. Suppose g*c = -2*p + 271, -2*c + 673 = 5*p + c. Is p a multiple of 45?
False
Suppose 0 = 20*y - 32*y - 19092. Let z = 3070 + y. Is z a multiple of 62?
False
Let t(d) = 2*d**3 - 24*d**2 - d + 16. Let w be t(12). Suppose -w = 3*q - 7. Is (((-4)/8)/q)/((-2)/164) a multiple of 14?
False
Suppose -2*n - 18712 = -2*t, 31*t = 26*t + 2*n + 46795. Is t a multiple of 11?
True
Let a(z) = -5*z + 105. Let y be a(21). Suppose 2*m = 4*b + 1230, 5*m + 0*m + 4*b - 3075 = y. Is m a multiple of 36?
False
Suppose 3*b = -5*s + 791, -44*s + 42*s - 10 = 0. Suppose 8*m - 2592 = b. Is 6 a factor of m?
False
Let o = -145 + 158. Suppose -o*v + 901 + 61 = 0. Does 64 divide v?
False
Let k be 59*(4/(-8))/1*-2. Suppose -n + 500 - k = 0. Is 44 a factor of n?
False
Suppose -8*j - 4 = -44. Suppose j*z - 2*x - 3839 = 0, -z + 11*x - 6*x = -777. Is 28 a factor of z?
False
Suppose -4*n = 4*j + 19 + 17, 0 = -j + 2*n - 21. Let l = j - -18. Suppose -577 = -l*q + 53. Does 21 divide q?
True
Let v(k) = -k**3 + 6*k**2 - 4*k + 1. Let a(d) = -3*d**3 +